 5*f + 45 = 0. What is the tens digit of s?
5
Let s(f) = 4 + 5*f**2 + 2 - f - 5. Suppose -5*q + 11 = 5*j + 1, 5*q = 2*j + 3. What is the units digit of s(j)?
5
Let t(a) = a - 2. Let z be t(9). Let f(d) = -d + 2. Let n(h) = -4*h + 7. Let w(i) = -9*f(i) + 2*n(i). What is the units digit of w(z)?
3
Let j = -78 + 233. What is the hundreds digit of j?
1
Let u = 888 - 636. What is the units digit of u?
2
Suppose 3*f + 5 = -7, 1663 = y + 4*f. What is the tens digit of y?
7
Let o(g) = -5*g**2 - 24*g + 11. Let w be o(-5). Suppose 13*s - 294 = w*s. What is the units digit of s?
2
Let h = -15 - -13. Let n(g) be the second derivative of -g**3/3 + g**2 - 6*g. What is the units digit of n(h)?
6
Suppose -8*n + 0*n = -29592. What is the units digit of 2/7 + n/63?
9
Let n(m) = 27*m**2 - m. Suppose v = -10 + 1. Let b = v - -10. What is the tens digit of n(b)?
2
Suppose 0 = 5*p - 59 + 49. Suppose -p*u + 36 = 5*x, -6*x + 2*x = 3*u - 33. What is the units digit of x?
6
Let c(g) = -g**3 + 8*g**2 - 8*g + 8. Suppose -30 = -2*r - 3*r. Let h be c(r). Suppose h - 10 = v. What is the tens digit of v?
2
Suppose 4*u - h - 20 = 0, 4*h - 5 = 4*u - 37. Suppose l = 47 + u. What is the units digit of l?
1
Suppose 5*l = -2*o - 13, -5 = -3*o - 2*o - 5*l. Let b = 45 - o. What is the tens digit of b?
3
Let h be (-3)/6 + (-1)/(-2). Suppose -3*j - k + h*k + 92 = 0, -4*j + 91 = -5*k. What is the units digit of j?
9
Suppose 720 = 26*f - 21*f. What is the units digit of f?
4
Let q(r) = 11*r + 3. Let a be (-190)/(-45) + (-8)/36. What is the tens digit of q(a)?
4
Suppose -105*u - 1950 = -110*u. What is the units digit of u?
0
What is the hundreds digit of -3 - 49/(-7) - -811?
8
Suppose 5*d + 8671 = 5*v - 2914, 0 = -4*v - 5*d + 9277. What is the hundreds digit of v?
3
Let s = -2 + 36. Let o(f) = -f**2 - 16*f + 7. Let l be o(-17). Let q = l + s. What is the tens digit of q?
2
Suppose 0 = -3*o + 10 - 4. Suppose o = -2*y + 3*y. Suppose 0 = 5*v - q - q - 28, 0 = -y*v + 4*q + 24. What is the units digit of v?
4
Let i(w) = 34*w + 3. Let g be i(-2). Suppose 3*v = u - 103, 4*v + 3*u + 193 = 34. Let d = v - g. What is the tens digit of d?
2
Let s be 2*(1/(-2) + (2 - 0)). What is the units digit of 43 + 3/(6 - s)?
4
Let v be (9 - 9) + -2 + 0. What is the units digit of (84/36)/(v/(-30))?
5
Let k(q) = q**3 - 18*q**2 + 19*q - 29. Let l be k(17). Suppose -l*r + 3*x = -223, -5*x = -x - 16. What is the tens digit of r?
4
Let n(x) = -x**3 + 5*x**2 + 4*x - 8. Let a be n(6). What is the units digit of (-2 + 2)/(-1) - a?
0
Let f be (-8)/(2*(-1)/(-3)). Let l(h) be the third derivative of -h**5/60 - 7*h**4/12 - 5*h**3/2 + 103*h**2. What is the units digit of l(f)?
9
Let l = 127 + 1076. What is the units digit of l?
3
Let m = -41 + 70. Let o = 6 + m. Suppose -o = -4*s + 61. What is the units digit of s?
4
Suppose 19*v - 5992 - 14528 = 0. What is the thousands digit of v?
1
Suppose -g + 3134 = d - 434, 3*d - 10722 = 6*g. What is the tens digit of d?
7
Suppose w + 1201 = -5*d - w, -2*w + 1189 = -5*d. Let g = d - -336. What is the units digit of g?
7
Let k = -48 + 50. Suppose k = 2*g - 18. What is the units digit of g?
0
Let d be (-3*1)/(3/(-14)). Let r(u) = -4*u. Let y(v) = 37*v - 2. Let k(t) = 18*r(t) + 2*y(t). What is the units digit of k(d)?
4
Let w(x) = -4*x + 10. Let k be w(2). Let j = 3 + 8. Suppose k*d - 5*q - j = 4*d, 5*d + 5*q = -5. What is the units digit of d?
2
Let w(a) = -a**3 - 2*a**2 + 2*a + 3. Let s be w(-3). What is the hundreds digit of (-3)/s + (-1449)/(-14)?
1
Let y = 37 - 17. Suppose d - 2 - 3 = 0, -2*f - 2*d + y = 0. Suppose 0 = -3*x + f*x - 60. What is the units digit of x?
0
Suppose 5*p - 7*p = 30. What is the units digit of 825/9 + 10/p?
1
Suppose 14*o - 3897 = 5*o. What is the units digit of o?
3
Suppose 3*z + z + 37 = 5*x, -3*x = 5*z + 37. Let v be 51/34*z/(-3). Suppose -2*u = a + v*a - 202, 2*a - 2*u = 78. What is the tens digit of a?
4
Let a be (-17)/(-5) + (-4)/10. Suppose -l + a = -0*l, 2*l = 2*t + 12. What is the tens digit of (t + 4)/((-1)/(-21))?
2
Let z(y) = y**3 - 11*y**2 + 7*y + 5. Let w be z(11). Let o = w + 52. Suppose -4*f + o = -34. What is the tens digit of f?
4
Let z(r) be the first derivative of -r**4/4 + 3*r**3 + 3*r**2 + 17*r - 3. What is the units digit of z(9)?
1
Let s be (-8 - -3)/(-5) + -75. Let x = s - -135. What is the units digit of x?
1
Let x(q) = 17*q - 14. Let i be x(2). Suppose u = -15 + 60. Let m = u - i. What is the tens digit of m?
2
Suppose 0 = 26*m - 21*m - 10. Suppose m*d = d + 157. What is the tens digit of d?
5
Suppose -t - 5129 + 6961 = 0. What is the thousands digit of t?
1
Let d = -2987 + 6945. What is the tens digit of d?
5
Let v(k) = 12*k**2 + 2*k + 1. Let c be ((-2)/(-3))/((-22)/33). Let x be v(c). Suppose 0 = -x*h + 6*h + 345. What is the tens digit of h?
6
Let p be 2/(-3)*(2 + (-10)/2). Suppose -p*a - 1168 = -10*a. What is the units digit of a?
6
Let u(h) = -5*h - 20. Suppose 5*g - 72 = 4*b, -4*g = b - 6*b - 90. What is the units digit of u(b)?
0
Suppose v = -4*b - 9, v + b + 4*b = -11. Let u be (-223)/(-4) - v/4. Let m = u - 4. What is the tens digit of m?
5
Let v(l) = 3*l + 6. Let r be v(-6). Let w be (-3)/(-6) + r/8. What is the units digit of (8/4 - -23) + w?
4
Let x be (-2)/((0 - (-3)/6)*1). What is the units digit of x/2 + (-165)/(-5)?
1
Suppose -4*t = -u + 22, 5*u + t - 14 = 2*u. Suppose 9*o - 24 = u*o. What is the units digit of o?
8
What is the hundreds digit of (-35 - -37)*1718/4?
8
Let g = 292 - 86. What is the hundreds digit of g?
2
Let f be (1 + 3 - 9)*2. Let q be ((-24)/15)/(2/f). Suppose 2*h - q = 36. What is the tens digit of h?
2
Suppose 0 = 2*a - 12 + 4. Suppose -a*f = -0*f + 84. Let s = 35 + f. What is the tens digit of s?
1
Suppose x - 15 = -4*x. Suppose x*b = -3*o - 2*o + 97, 2 = -2*b. Let h = o + 35. What is the tens digit of h?
5
Suppose 0 = -2*o - 3*y - 119, o + 3*y = 2*o + 37. What is the hundreds digit of 7172/26 + (-8)/o?
2
Let q(r) = 5*r**3 + 35*r**2 - 11*r - 48. Let w(k) = -2*k**3 - 12*k**2 + 4*k + 16. Let i(g) = -4*q(g) - 11*w(g). What is the units digit of i(6)?
0
Suppose 5*m = o + 4*o - 135, -4*o - 2*m + 90 = 0. Suppose -2*r + 10*r = o. Suppose r*d - 376 = -5*d. What is the tens digit of d?
4
Suppose -d = -5*d. Suppose 2*w = -d*w + 158. What is the tens digit of w?
7
Let h = 21 + 235. What is the tens digit of h?
5
Let g be ((-6)/9)/((-6)/(-117)). What is the units digit of (-102)/g + (-10)/(-65)?
8
Suppose b - 13*h - 864 = -12*h, 3*h - 1728 = -2*b. What is the units digit of b?
4
Suppose -4*p = -b + 4*b - 93, -5*p + 5*b + 160 = 0. Let x = 40 - p. Suppose 2*t = -w + 12, 2*w + 2*t + x = 43. What is the units digit of w?
8
Let l = -3539 + 7695. What is the units digit of l?
6
Let q(s) = -43*s + 229. Let n be q(5). Let x(z) be the first derivative of z**4/4 - 13*z**3/3 - 4*z**2 - 10*z - 1. What is the tens digit of x(n)?
7
Let j be (-23240)/(-77) - 2/(-11). Suppose 0 = 2*o + 8, 5*r - j = 3*o - 0*o. What is the tens digit of r?
5
Suppose 0*s + 6 = -4*u + 2*s, -2*u - 18 = -4*s. Let m be (-2)/5*u*-140. Suppose 2*c - m = -2*c. What is the tens digit of c?
1
What is the units digit of 443 + -7 + 2*5/2?
1
Let z(n) = 90*n**2 + 31*n + 4. What is the hundreds digit of z(-4)?
3
Suppose -m - 10 + 30 = 0. Let u = 67 - m. What is the tens digit of u?
4
Suppose 2 = 2*f - 6. Let c(y) = -4*y + 3*y - 3*y**2 + 4*y**2 - f*y**3 + 2*y**3 + 1. What is the units digit of c(-2)?
3
Let d(h) = 9*h - 11. Let p be d(5). Let r = 29 - p. What is the tens digit of (3/r)/(9/(-270))?
1
Let d(c) = -c**3 + 9*c**2 + 11*c - 11. Let a be d(10). What is the tens digit of 98 + 1 + 4 + 0 + a?
0
Suppose -5*y - 5*x + 4 = 19, x = -3*y - 17. Let m(z) be the third derivative of -5*z**4/24 + 19*z**3/6 + 134*z**2 - 2. What is the tens digit of m(y)?
5
Let y = 882 + -407. What is the units digit of y?
5
Suppose -4381 = -8*j + 3339. What is the hundreds digit of j?
9
Let r(v) = -v**3 - 4*v**2 + 3*v - 5. Let j be r(-5). Suppose j*w + 24 = w. What is the units digit of (-25 - -7)*16/w?
8
Let t(v) = v**3 + 21*v**2 - v + 10. What is the tens digit of t(-8)?
5
Let y(b) = -b**2 + b + 1. Suppose -1 + 4 = 3*l. Let z(t) = 7*t**2 - 4*t - 9. Let i(a) = l*z(a) + 6*y(a). What is the units digit of i(-6)?
1
What is the hundreds digit of 12/10 - (0 + 141590/(-50))?
8
Let 